ctors of w(-6)?
7, 1319
Suppose d + 66440 = -1476*v + 1477*v, 0 = v + 4*d - 66400. What are the prime factors of v?
2, 3, 173
What are the prime factors of (-8 - -6)*5023*-1?
2, 5023
Let r(c) = -2*c**3 + 17 - 33 - 4*c - 2*c**2 + 6. Let y(x) = -3*x**3 - 3*x**2 - 5*x - 9. Let t(s) = -2*r(s) + 3*y(s). What are the prime factors of t(-3)?
2, 13
Let p(b) = -34*b - 2 + 132*b - 12. List the prime factors of p(3).
2, 5, 7
Let p(f) = f**3 + 113*f**2 - 551*f + 207. List the prime factors of p(-116).
5, 4751
Suppose 98*x = 100*x - 18112. Suppose -x = -6*r - 10*r. What are the prime factors of r?
2, 283
List the prime factors of (10*16/(-12))/(12/(-5022)).
2, 3, 5, 31
Suppose k = -o + 77, o - 75 = -2*k - k. Suppose -1233 = -3*j - o. Suppose -3*f + 3*g + j = f, 0 = -2*f + 5*g + 175. What are the prime factors of f?
2, 5
Suppose 2*b - 8831 - 13499 = 4*k, 3*b - 3*k - 33510 = 0. What are the prime factors of b?
3, 5, 149
List the prime factors of 25907/5 - -7*20/(-350).
3, 11, 157
Suppose -3 - 2 = -5*l - 5*d, 0 = l + 3*d + 1. What are the prime factors of (-1)/(2/(-672)) - l?
2, 167
Let i(g) = 503*g - 34 - 8 - 22*g. List the prime factors of i(2).
2, 5, 23
Let l(m) = m**3 + 26*m**2 - 23*m + 32. Let v be l(-28). Let k = 1694 + v. What are the prime factors of k?
2, 401
Suppose 0 = 20*v + 3*v - 115. Suppose 0*j - 3945 = -v*j. What are the prime factors of j?
3, 263
Suppose -1563*g - 21186 = -1596*g. List the prime factors of g.
2, 3, 107
What are the prime factors of 6*(143120/96 + -2)?
8933
Suppose 0 = 3*u + 4*f - 353, f - 230 = -2*u + 12. Let n(t) = -2*t**2 + 3*t - 33. Let q be n(5). Let m = q + u. List the prime factors of m.
5, 11
Suppose 5394 = -7*u - 2740. Let m = -792 - u. What are the prime factors of m?
2, 5, 37
Suppose -59*j + 30 = -64*j, -4*b + 106960 = 4*j. List the prime factors of b.
2, 43, 311
List the prime factors of ((-512)/448)/(2/14) + 31225.
19, 31, 53
Let h(n) = n**3 - 12*n**2 - 30*n - 1. Let j be h(14). Let u = j + 32. List the prime factors of 1/u + (-2472)/(-36).
3, 23
Suppose -5*o - 2*t - 4746 = 2875, 3*o - 5*t = -4554. Let h = -875 - o. List the prime factors of h.
2, 3
Let u be 12/4*10/15. Suppose 5*k - 10 = -5*n, 0 = -u*k - 2*k. Suppose -151 = -n*i - 37. List the prime factors of i.
3, 19
Let b be (-1185)/(-30) - 2*(-2)/(-8). Suppose -37*u + b*u = 10. Suppose -130 - 320 = -u*n. List the prime factors of n.
2, 3, 5
Suppose 5 = -2*k + 3*k, 7 = -3*c + 2*k. Suppose 5*q - 1 + c = 0. Suppose -o - 5 = q, 5*o + 33 = 4*i + 4*o. List the prime factors of i.
7
Let y be (20/6)/((-305)/(-732)). Suppose -q = 2*v - 1489, y*q + 2*v - 12802 = -862. What are the prime factors of q?
1493
Let t be 4/7 - (-1)/(-14)*120. What are the prime factors of -6 + 4 - t - -352?
2, 179
Suppose -4*r = -1 - 7. Suppose 4 = -2*j - 2*j - 4*a, -3*j + 12 = -r*a. Suppose -4*h = 3*n - 476, -5*n - j*h - 94 = -892. List the prime factors of n.
2, 5
Suppose 3*o - 3415 = 5*i, -o + 4*i + 1231 = 88. Suppose 5*j - 4*k - 2241 - o = 0, 0 = -5*j - 3*k + 3383. List the prime factors of j.
2, 13
Let m(c) = -c**3 - 10*c**2 - 4*c + 16. Let g be m(-9). Let o be (0 + -10)/((-4)/10). Let s = o - g. List the prime factors of s.
2, 3
Suppose -5*t + 44036 = -2*s, -2*t - 3*s + 11944 = -5678. What are the prime factors of t?
2, 3, 367
Let d(z) = 127 - 317 + 4*z**2 + 132 - 5*z**2 - 39*z. List the prime factors of d(-26).
2, 5, 7
Let b(o) = -29*o - 37. Let t(p) be the first derivative of -29*p**2/2 - 37*p + 31. Let a(u) = 5*b(u) - 4*t(u). What are the prime factors of a(-8)?
3, 5, 13
Let d = 2271 + -1259. List the prime factors of ((-9)/(72/d))/(1/(-2)).
11, 23
Suppose -233 + 1078 = 13*h. Let w = h + -29. Suppose -2*t + 91 = -3*b, -2*t + 5*b = -49 - w. What are the prime factors of t?
2, 5
Let h be -33*((-5)/(-15))/(-1). Suppose -4*o = -h*o + 672. What are the prime factors of o?
2, 3
Suppose 0 = -3*j + 2945 + 2104. Suppose -15*p + j = -4*p. Suppose 3*m = -15 + p. List the prime factors of m.
2, 23
What are the prime factors of ((-9768)/9)/(81/(-2673))?
2, 11, 37
Let q be 16 + 1/(7/(-14)). Suppose -4*z + 60 = -3*p - 200, 5*z + 5*p = 290. Let h = z - q. List the prime factors of h.
2, 3
List the prime factors of -16*9/180*-64*85.
2, 17
Let p(s) = -634*s + 24. Let q(m) = m**3 + 3*m**2 + 4*m - 1. Let w be q(0). List the prime factors of p(w).
2, 7, 47
Let s = 57 - 53. Suppose -5*r = y - 442, 2*y + 379 = s*r + 17. List the prime factors of r.
89
Let r = 118 + 96. Let w be (-39)/52 + 5164/16. Let v = w - r. List the prime factors of v.
2, 3
Let s be -3 - (-5 - (-28)/(-7)). List the prime factors of ((-2865)/s + -10)*(-20)/6.
5, 13
Let q be ((-2 - 3) + -3)*(19 - 25). Suppose 6*m = 750 - q. What are the prime factors of m?
3, 13
Let z(w) = 360*w**2 + 424*w + 47. List the prime factors of z(-12).
53, 883
Let w be -1 + 5 + -6 + 7. Suppose -3924 = i - w*i. What are the prime factors of i?
3, 109
Suppose -2*d + 16 = -10*d. Let i(q) = -187*q + 11. Let m be i(d). List the prime factors of (m - -9)/(4 + -2).
197
Suppose -3*d + 5*g = 64532, -5*d - 116418 = 3*g - 8808. List the prime factors of 1 + d/(-15) - (-36)/(-60).
5, 7, 41
Suppose -62 = -8*i - 22. List the prime factors of (868 - -2)/(7 - i) - 1.
2, 7, 31
Suppose -4 = -l + 1. Let n be (-1272)/(-15) + 1/l. Let t = -55 + n. What are the prime factors of t?
2, 3, 5
Let r(n) = -21*n**3 - 13*n**2 - 46*n + 21. List the prime factors of r(-7).
3, 7, 47
Let q be 1825 - (2 + (2 - 2) + -1). Let b be q/10 + 14/(-35). Suppose 4*x - b = -58. List the prime factors of x.
31
Let y = 4965 - -4189. List the prime factors of y.
2, 23, 199
Let g(d) = 62*d**3 + 16*d**2 + 12*d - 389. List the prime factors of g(7).
5, 4349
Let y be 6 + -8*(-2)/(-4). Suppose 9*g = 412 + y. Suppose -g*a = -48*a + 142. What are the prime factors of a?
71
Let x be 4/20 + 96/20. Suppose -3*d - 6 = -2*v, 0 = 5*v - 0*d + x*d - 15. Suppose -v*z = -4*w + 1168, -z = 3*w - 3*z - 876. What are the prime factors of w?
2, 73
Suppose u = 3*z - 0*z - 24732, z - 2*u = 8244. List the prime factors of z.
2, 3, 229
Let f be (1 - (-3)/(-6))/((-8)/800). Let q be ((-25)/f)/(2/104). Suppose -4*s + 2*i + 46 = 4*i, 0 = 2*s + 2*i - q. What are the prime factors of s?
2, 5
Let l = -13982 - -20266. Suppose 1158 = -11*t + l. List the prime factors of t.
2, 233
Suppose -73*b + z - 72911 = -77*b, 91132 = 5*b + 8*z. What are the prime factors of b?
2, 3, 7, 31
Suppose 6336*o - 6342*o = -90462. List the prime factors of o.
15077
List the prime factors of 466/(2*(-16)/(-544)).
2, 17, 233
Let s(t) = 3*t + 34. Let c be s(-12). Let f be (-56)/c - (2 - 0)/(-1). What are the prime factors of ((-51)/85)/((-2)/f)?
3
Suppose 2*f + 23 = 5*q, 3*q + 4*f + 1 = -2*q. Suppose q*g + 6 = -0*g - c, -2*g - 5 = c. Let p(z) = -196*z - 9. List the prime factors of p(g).
11, 17
Suppose 0 = 11*i + 6 - 39. Suppose 5*p = -b + 759, i*b = -2*b + p + 3847. What are the prime factors of b?
769
Let q = 225 - 309. Let f = -51 - q. List the prime factors of f.
3, 11
Suppose -5*c + 32440 = -584*u + 588*u, 0 = 2*c + 5*u - 12993. What are the prime factors of c?
2, 1621
Suppose -17*d + 510 = -2*d. Let z(l) = l**3 - 32*l**2 - 48*l - 81. List the prime factors of z(d).
599
Suppose f = -2*k + 9935, -180 + 30013 = 3*f - k. What are the prime factors of f?
61, 163
Suppose -19*p = 75*p + 15*p - 2111221. List the prime factors of p.
7, 2767
Let w = -131 + 135. Suppose -f - w = -13. Suppose -4*z + 572 = f*z. What are the prime factors of z?
2, 11
Let k(x) be the first derivative of -x**4/4 - 9*x**3 - 7*x**2/2 + 50*x - 18. What are the prime factors of k(-27)?
239
Suppose -5*g = 2*p - 13364, 12*g + 2*p - 10692 = 8*g. List the prime factors of g.
2, 167
Let o = -23 + -29. Let t = 48 - o. What are the prime factors of t?
2, 5
Let b(w) = 8*w**2 + 4*w + 2. Let q be b(-4). Suppose -f = -5*i + q, 0*i - 71 = -3*i - 2*f. Suppose i + 73 = 8*v. What are the prime factors of v?
2, 3
Suppose -5*d + 19 = 4*c, -6*c + c = -4*d + 7. Suppose k + 8 = 5*b - d*k, -5*b = -2*k - 4. Suppose -3*g + 164 - 20 = b. What are the prime factors of g?
2, 3
Let j(h) = -h**3 + h**2 + h + 104. Let g be j(0). Let y = g + -92. Suppose 0 = y*p - 19*p + 1029. What are the prime factors of p?
3, 7
Let k(u) = 14*u + 6. Let c(m) = -m**3 - 10*m**2 + m + 13. Let q be c(-10). Suppose 4*l - 17 = -q*n - 2*n, 0